ided by 61?
55
What is the remainder when 5225 is divided by 40?
25
Calculate the remainder when 1976 is divided by 46.
44
What is the remainder when 666 is divided by 218?
12
What is the remainder when 118 is divided by 52?
14
What is the remainder when 4739 is divided by 4734?
5
What is the remainder when 56 is divided by 16?
8
Calculate the remainder when 254 is divided by 29.
22
What is the remainder when 77 is divided by 24?
5
What is the remainder when 758 is divided by 192?
182
Calculate the remainder when 898 is divided by 12.
10
Calculate the remainder when 256 is divided by 123.
10
What is the remainder when 2325 is divided by 63?
57
Calculate the remainder when 115 is divided by 59.
56
What is the remainder when 3024 is divided by 11?
10
What is the remainder when 310 is divided by 13?
11
Calculate the remainder when 261 is divided by 113.
35
What is the remainder when 271 is divided by 22?
7
What is the remainder when 365 is divided by 75?
65
What is the remainder when 44053 is divided by 267?
265
What is the remainder when 295 is divided by 288?
7
Calculate the remainder when 65 is divided by 37.
28
What is the remainder when 325 is divided by 161?
3
Calculate the remainder when 1017 is divided by 20.
17
What is the remainder when 298 is divided by 101?
96
What is the remainder when 2126 is divided by 704?
14
Calculate the remainder when 211 is divided by 67.
10
Calculate the remainder when 259 is divided by 89.
81
What is the remainder when 12263 is divided by 4083?
14
Calculate the remainder when 62 is divided by 7.
6
What is the remainder when 1339 is divided by 71?
61
Calculate the remainder when 3702 is divided by 3700.
2
Calculate the remainder when 8271 is divided by 2750.
21
Calculate the remainder when 1516 is divided by 190.
186
What is the remainder when 125 is divided by 31?
1
What is the remainder when 188 is divided by 10?
8
What is the remainder when 2910 is divided by 2907?
3
What is the remainder when 523 is divided by 15?
13
What is the remainder when 65 is divided by 17?
14
Calculate the remainder when 6858 is divided by 73.
69
Calculate the remainder when 3584 is divided by 13.
9
What is the remainder when 2447 is divided by 81?
17
Calculate the remainder when 212 is divided by 145.
67
What is the remainder when 165 is divided by 154?
11
What is the remainder when 3968 is divided by 3956?
12
What is the remainder when 296 is divided by 43?
38
What is the remainder when 904 is divided by 130?
124
What is the remainder when 680 is divided by 174?
158
Calculate the remainder when 945 is divided by 6.
3
Calculate the remainder when 18381 is divided by 14.
13
What is the remainder when 1374 is divided by 201?
168
Calculate the remainder when 3467 is divided by 157.
13
What is the remainder when 1191 is divided by 379?
54
Calculate the remainder when 2347 is divided by 11.
4
What is the remainder when 576 is divided by 58?
54
What is the remainder when 1338 is divided by 206?
102
Calculate the remainder when 208 is divided by 19.
18
Calculate the remainder when 2539 is divided by 38.
31
Calculate the remainder when 348 is divided by 44.
40
Calculate the remainder when 554 is divided by 92.
2
Calculate the remainder when 1805 is divided by 42.
41
Calculate the remainder when 2242 is divided by 11.
9
What is the remainder when 71 is divided by 8?
7
Calculate the remainder when 1758 is divided by 124.
22
Calculate the remainder when 5860 is divided by 41.
38
What is the remainder when 264 is divided by 181?
83
Calculate the remainder when 156 is divided by 41.
33
Calculate the remainder when 218 is divided by 25.
18
Calculate the remainder when 157 is divided by 72.
13
What is the remainder when 153 is divided by 6?
3
What is the remainder when 1037 is divided by 104?
101
What is the remainder when 514 is divided by 29?
21
What is the remainder when 1013 is divided by 251?
9
Calculate the remainder when 2025 is divided by 29.
24
What is the remainder when 323 is divided by 296?
27
What is the remainder when 472 is divided by 39?
4
Calculate the remainder when 121 is divided by 25.
21
What is the remainder when 8521 is divided by 203?
198
Calculate the remainder when 196 is divided by 101.
95
Calculate the remainder when 6449 is divided by 716.
5
Calculate the remainder when 77 is divided by 60.
17
What is the remainder when 79 is divided by 5?
4
Calculate the remainder when 757 is divided by 151.
2
Calculate the remainder when 835 is divided by 179.
119
Calculate the remainder when 2448 is divided by 129.
126
What is the remainder when 122 is divided by 62?
60
What is the remainder when 107 is divided by 28?
23
Calculate the remainder when 233 is divided by 18.
17
What is the remainder when 247 is divided by 62?
61
Calculate the remainder when 4130 is divided by 84.
14
What is the remainder when 540 is divided by 68?
64
What is the remainder when 96 is divided by 36?
24
What is the remainder when 989 is divided by 159?
35
What is the remainder when 511 is divided by 19?
17
What is the remainder when 471 is divided by 118?
117
Calculate the remainder when 102 is divided by 27.
21
Calculate the remainder when 30 is divided by 18.
12
Calculate the remainder when 2205 is divided by 535.
65
What is the remainder when 94 is divided by 40?
14
Calculate the remainder when 835 is divided by 22.
21
Calculate the remainder when 220 is divided by 28.
24
What is the remainder when 543 is divided by 184?
175
What is the remainder when 3139 is divided by 9?
7
What is the remainder when 818 is divided by 41?
39
Calculate the remainder when 593 is divided by 83.
12
What is the remainder when 2076 is divided by 48?
12
Calculate the remainder when 57 is divided by 17.
6
What is the remainder when 790 is divided by 66?
64
Calculate the remainder when 2320 is divided by 14.
10
What is the remainder when 1878 is divided by 47?
45
What is the remainder when 215 is divided by 62?
29
Calculate the remainder when 4720 is divided by 62.
8
Calculate the remainder when 22663 is divided by 16.
7
What is the remainder when 13 is divided by 2?
1
What is the remainder when 5125 is divided by 177?
169
Calculate the remainder when 198 is divided by 54.
36
Calculate the remainder when 5583 is divided by 37.
33
What is the remainder when 504 is divided by 134?
102
Calculate the remainder when 731 is divided by 4.
3
What is the remainder when 331 is divided by 89?
64
Calculate the remainder when 44 is divided by 10.
4
Calculate the remainder when 186 is divided by 63.
60
Calculate the remainder when 381 is divided by 6.
3
Calculate the remainder when 1281 is divided by 56.
49
Calculate the remainder when 430 is divided by 109.
103
What is the remainder when 808 is divided by 21?
10
What is the remainder when 37882 is divided by 42?
40
Calculate the remainder when 198 is divided by 49.
2
What is the remainder when 524 is divided by 165?
29
What is the remainder when 1063 is divided by 38?
37
What is the remainder when 1395 is divided by 697?
1
Calculate the remainder when 461 is divided by 95.
81
What is the remainder when 203 is divided by 160?
43
What is the remainder when 235 is divided by 4?
3
Calculate the remainder when 375 is divided by 96.
87
Calculate the remainder when 834 is divided by 76.
74
What is the remainder when 18117 is divided by 6?
3
What is the remainder when 3279 is divided by 327?
9
What is the remainder when 100 is divided by 87?
13
What is the remainder when 191 is divided by 91?
9
Calculate the remainder when 3479 is divided by 9.
5
Calculate the remainder when 553 is divided by 20.
13
What is the remainder when 25 is divided by 22?
3
What is the remainder when 43 is divided by 11?
10
What is the remainder when 2839 is divided by 411?
373
What is the remainder when 425 is divided by 104?
9
What is the remainder when 2273 is divided by 25?
23
Calculate the remainder when 80 is divided by 23.
11
Calculate the remainder when 98 is divided by 41.
16
What is the remainder when 220 is divided by 6?
4
Calculate the remainder when 183 is divided by 34.
13
What is the remainder when 371 is divided by 93?
92
Calculate the remainder when 16 is divided by 5.
1
Calculate the remainder when 696 is divided by 115.
6
What is the remainder whe